x.
7, 13
Suppose d + 1 = -3*b, 24 = 4*d + 2*b - 4*b. Suppose 2*u = 2*z + z + 15, d*u - 3*z = 51. What are the prime factors of u?
2, 3
Let f(g) = g**2 - 8*g + 8. Let m be f(7). What are the prime factors of 4 - -2 - (m + -3)?
2
Suppose 7 = -l - 1. Let a(x) = -3*x + 20 - 8 + 4*x. List the prime factors of a(l).
2
Suppose 7*j - 8*j + 9 = 0. List the prime factors of j.
3
Let t(s) = s**2 + 21*s + 51. List the prime factors of t(-24).
3, 41
Let p = 70 - 48. Suppose -2*a = -p - 4. List the prime factors of a.
13
Suppose 5*o + f = 163, -2*f = o + 3*o - 128. Suppose -2*w + o = w. Suppose -5*q + w = k - 24, -4*q = -5*k + 30. List the prime factors of k.
2, 5
What are the prime factors of 8 + -10 + 3/(3/40)?
2, 19
Let r(u) = -3*u + 1. Let q be r(-3). Let m = -5 + q. List the prime factors of m.
5
What are the prime factors of (-1645)/(-28) - 2/(-8)?
59
Let w = -5 - -40. List the prime factors of w.
5, 7
Let n(q) = q**2 + 6*q - 5. Let x be n(-7). Let s be 37 - 1*(0 + x). Suppose -4*t = -9 - s. What are the prime factors of t?
11
Suppose -3*s + 0*v + 223 = -v, -3*v + 15 = 0. Suppose 2*t + 30 = s. What are the prime factors of t?
23
Let w be 0/(1 - 3 - -3). Suppose 3*g + 3*c - 45 = w, 0*c = -2*g + 4*c + 42. What are the prime factors of g?
17
Let z be -1*25*(-9 - -1). What are the prime factors of ((-2)/5)/((-8)/z)?
2, 5
What are the prime factors of -4*((-3)/(-3) + -2)?
2
Let v be (-3)/(-15)*-8*-5. Let a(z) = z**3 - 8*z**2 + 9*z + 3. Let g be a(v). Suppose -4*c = -2*t - t - 67, -5*c + 2*t + g = 0. List the prime factors of c.
13
Let w = 1 + -1. Suppose w = 3*y + 2*y - 15. List the prime factors of y.
3
Suppose -4*m = -8 - 44. List the prime factors of m.
13
Let s(r) = 8*r**2 + r. Let d be s(-1). Let n(m) = -m**3 + 6*m**2 + 7*m + 5. Let i be n(d). Suppose -38 = -i*y + 7. What are the prime factors of y?
3
Suppose -r + 12 = 2*z - 3*r, -5*z - r + 24 = 0. Suppose -4*p + z*p = 28. What are the prime factors of p?
2, 7
What are the prime factors of (560/15)/8 - (-2)/6?
5
Suppose 0 = -4*n - 0*n + 196. List the prime factors of n.
7
Let n be (-4)/1 - 0/4. What are the prime factors of n/6 - 200/(-12)?
2
Let z(c) = -11*c + 12. List the prime factors of z(-13).
5, 31
Suppose -3*b = -2*b. Suppose 3*j - 4*j + 5 = b. Suppose -21 + j = -2*i. What are the prime factors of i?
2
List the prime factors of ((-2)/(-5))/(5/25) + 82.
2, 3, 7
Suppose 0 = 3*m - 4*m. Suppose -5*v + 60 = -m*v. List the prime factors of v.
2, 3
Let w(b) = -2*b + 1. Let r = -8 + 2. What are the prime factors of w(r)?
13
Suppose -742 = -2*d + 3*h, -63 = -4*d - 3*h + 1385. List the prime factors of d.
5, 73
Suppose 0 = 2*n - n - 13. Suppose 0 = 3*l + 3*r + 3, -l = l - r - n. List the prime factors of 36/(-8)*l/(-3).
2, 3
Let t(u) = 8*u. Let b be t(3). Suppose -d = d - b. What are the prime factors of d?
2, 3
Let d(t) = t**2 + 2 - 5 - 2*t + 4*t + 4*t. List the prime factors of d(-7).
2
Let l(o) be the second derivative of o**8/6720 + o**7/360 + o**5/60 - o**4/12 - 2*o. Let f(t) be the third derivative of l(t). List the prime factors of f(-7).
2
Suppose -2*a = a - 15. Let t = 9 - a. Suppose 2*p + 45 = 5*s, 0 = s + t*p + 13 - 0. List the prime factors of s.
7
Suppose 3*o + r - 138 = 3*r, 5*r = o - 46. List the prime factors of o.
2, 23
What are the prime factors of (64/10)/(12/30)?
2
Let b(q) = -4*q - 17. List the prime factors of b(-8).
3, 5
Suppose -3*t + 9 = 0, 2*t = 3*x - x - 164. What are the prime factors of x?
5, 17
Let u(j) = -j**2 - 7*j + 8. Suppose 134 = 4*m + 2*a, -3*m - 4*a + 51 = -57. Suppose 20 = -2*b - 3*q, 0*q - m = 4*b + 2*q. What are the prime factors of u(b)?
2
Let a(n) = -n**2 - 9*n - 22. Let d be a(-5). Let t(q) = q**2 + 8*q - 2. Let w be t(-8). What are the prime factors of 15 + (d/w)/(-1)?
2, 7
Suppose 1000 = 4*f - 4*s, -328 - 166 = -2*f + 4*s. What are the prime factors of f?
11, 23
Let r(t) = -t**3 - 8*t**2 - 10*t - 8. Let y be r(-7). Let p = y + -5. What are the prime factors of p?
2
Let m be ((-8)/(-12))/((-4)/6). Suppose 2*l + l = -12, 0 = -2*n - 4*l - 14. Let c = n - m. List the prime factors of c.
2
Let o(q) = 0 + 2 + q**2 - 3 - 6*q. Let h be o(7). Suppose -2*d + 0 = -h. List the prime factors of d.
3
Suppose 0*q - 7 = q. Let l(d) = -2*d - 5. List the prime factors of l(q).
3
Let u(j) = j**2 + j + 9. Let k be u(0). Let p = k - 8. List the prime factors of ((-7)/p)/(-1 + 0).
7
Suppose 6 = m - 22. What are the prime factors of m?
2, 7
Let a = -12 + 14. Suppose -5*y - 2*t - a*t + 254 = 0, -4*t + 4 = 0. List the prime factors of y.
2, 5
Suppose 0 = 4*x + 3*s - 0*s - 83, 2*s = 2*x - 52. Let l = x + 29. What are the prime factors of l?
2, 13
Let z = 121 - 59. What are the prime factors of z?
2, 31
Let a = 107 + -64. What are the prime factors of a?
43
Let j = -16 + 23. Suppose -2*o - j = 1. Let g(m) = -m - 1. List the prime factors of g(o).
3
Suppose -o + 8 + 6 = -d, 0 = d + 5*o - 16. Let t = 5 - d. What are the prime factors of t?
2, 7
Suppose -8*v = 5*y - 11*v - 86, -y + v + 18 = 0. What are the prime factors of y?
2
Let v(g) = -g**2 - 8*g + 11. Let r be 5*1*(-12)/15. Let b be 18*(14/r + 3). What are the prime factors of v(b)?
2
Let k(b) = -b**2 + 3. Let o be k(0). Suppose -5*q + o*s = -0*q - 104, 3*q = 2*s + 62. List the prime factors of q.
2, 11
Let k(y) be the second derivative of -y**5/20 + y**4/4 + y**3/3 + y**2/2 + 2*y. What are the prime factors of k(3)?
7
Let i = 51 + -86. Let j = i + 81. List the prime factors of j.
2, 23
Suppose 3*t + 340 = 8*t - 2*r, 2*t - 2*r - 142 = 0. List the prime factors of t.
2, 3, 11
Let r(w) = -4*w**3 + 5*w**2 - 4*w + 3. Let b(i) = i**3 - i**2 + i - 1. Let l(a) = 10*b(a) + 2*r(a). What are the prime factors of l(2)?
2
Let h(i) = -5*i - 3*i**2 + 2*i**2 + 8 + 0*i**2. Let f be h(-6). Suppose f*k - 4 = -0. What are the prime factors of k?
2
Let w = 10 + -6. Suppose -3*k + w = -2. Suppose -16 = -k*o - 4*x, 0*x = -3*x + 9. What are the prime factors of o?
2
Suppose 5*d = 2*d - 3*w - 3, 2*w + 8 = 0. Suppose -d*f + 0 = -6. Let k(b) = 3*b + 2. List the prime factors of k(f).
2
Let h be (8/(-10))/(2/10). Let a be ((-6)/(-4))/((-3)/h). Suppose 0 = 4*o + o - b - 58, -4*o - a*b = -38. List the prime factors of o.
11
Let m be (-4)/10 - 266/10. What are the prime factors of (-4)/3*m/6?
2, 3
List the prime factors of 4/((-4)/(-2)) + 283.
3, 5, 19
Let v(u) = -u**2 + 3. Let d be v(0). Suppose -4*t - 3*c + 34 - 9 = 0, 2*t = -d*c + 11. What are the prime factors of t?
7
Suppose f = 66 + 7. List the prime factors of f.
73
Let t = 180 + 9. List the prime factors of t.
3, 7
Let d(b) = 3*b + 3. Let h be d(-4). Let i = h - -16. List the prime factors of i.
7
Suppose -2*k + 5*k = 375. What are the prime factors of k?
5
List the prime factors of 1*(120 + (3 - 2)).
11
Let k(r) = -58*r + 8. What are the prime factors of k(-2)?
2, 31
Let k = -191 - -329. What are the prime factors of k?
2, 3, 23
Suppose 5*b = -20, b - 19 = -3*l - 5. What are the prime factors of l?
2, 3
Suppose r = -4*u + 14 - 6, -4*r + u + 15 = 0. Suppose -5*m = j - 157, j + 55 + 67 = r*m. List the prime factors of m.
31
Let i = 162 + -93. List the prime factors of i.
3, 23
Let d be -4 + 2 + 3 + 13. Suppose -5*t - d = -2*p, -6*p + p = -4*t - 18. Let b(f) = 2*f - 2. What are the prime factors of b(p)?
2
Let s(q) = -28*q**3 + 13*q**2 + 2*q + 2. Let y(k) = 14*k**3 - 6*k**2 - k - 1. Let g(w) = -6*s(w) - 13*y(w). List the prime factors of g(-1).
2, 7
Suppose 0 = -7*z + 3*z + 20. Suppose 0 = z*m + 2*k - 150, -m = 3*m + 2*k - 118. What are the prime factors of m?
2
Let a(r) = r + 1. Let s(d) = -13*d + 4. Let f(h) = -2*a(h) + s(h). Let l be f(3). Let y = -28 - l. List the prime factors of y.
3, 5
Let g(d) = -12*d - 1. Let p be g(-1). Suppose -3*n - 5*f + 29 + 8 = 0, 4*n - p = f. Suppose -n*s = -90 + 18. List the prime factors of s.
2, 3
Suppose -2*v = -0*v - 10. Let p = 0 + v. Suppose 0 = c - p*c + 36. List the prime factors of c.
3
Let d = -3 + 3. What are the prime factors of 15 + 1 - d/1?
2
Let w be (-4)/(-22) - 3156/(-66). Let p = w + -11. Suppose -p = -2*c - 9. List the prime factors of c.
2, 7
Let f(l) = l**2 - 4*l - 3. Let y be f(5). Let d = 2 + y. Suppose 2*v + 0*b = -2*b + 12, -d*v + b = -14. What are the prime factors of v?
2
Let s(d) = -4*d**3 - 1. Let m be s(-1). List the prime factors of m/2*2